 ((-11 - -13) + -4 - 0))?
-56
Evaluate (33 - (32 + -12)) + (-1 + -4 - -4 - 1).
11
What is -12 + (-9 - -14) + 4 + 46 - (-26 + 15)?
54
Calculate (-16 - (-35 + 18 + -7)) + 105 + -8 + -3.
102
-56 - (45 + -52 + -68)
19
What is the value of -2 + (0 + 54 + 1 - (-3627 - -3620))?
60
What is -25 + -2 - (-117 - -106) - (39 + 11)?
-66
What is the value of -9 + -3 + 5 + (52 - (18 - 32)) + -13?
46
Evaluate 4085 + -4114 - (1 - 117 - 3).
90
(7 - ((1 - -44) + 49 + -68)) + -36
-55
Calculate -21 + (-4 - -7 - -5 - (-40 + 32)) - -77.
72
What is the value of (0 + -3 - 6) + (0 - (30 + -16 - 43))?
20
What is (6 - 0 - (-161 - -173)) + 7 + -34?
-33
Evaluate -20 + (55 - (-114 + 84)).
65
Calculate -38 - (-10 + -30 + -17).
19
What is the value of 5 - 8 - (-24 - 0 - (-2 + 20 - 24))?
15
-29 + 41 + 51 + -5 + -1
57
What is (-34 - -51) + (9 - 43) - (3 - -33)?
-53
Evaluate 23 + (-1 - 36) + -1019 + 1025.
-8
Evaluate -27 + -25 + (9 - 36) - -3.
-76
Calculate 33 + (-120 - -41) - -7.
-39
3 + (0 - -58) + -114
-53
What is (3 + 1 - (39 + -31)) + -21 + 13 + -63?
-75
Calculate 34 - 86 - -40 - (2 - -19).
-33
Evaluate -129 + 237 + -79 + 90.
119
19 + -2 - (-80 + 40 + 47)
10
What is the value of -279 + -252 + 663 + -21 + 0?
111
Evaluate -10 - 1 - (-102 + 78 + -1).
14
(13 - (-6 + (3 - (9 + -20)))) + 3
8
(-1 - (-7 + 2)) + 120 + (201 - 220)
105
What is the value of (-791 - -807) + (-85 - -2) + (-5 - -4)?
-68
What is the value of (22 - -5) + (4 - (9 - -1))?
21
What is the value of (2 - -2) + 48 + (-84 - -13 - -55)?
36
15241 + -15337 + (2 - 4 - 13)
-111
Calculate -9 + (-160 - -65) + 2.
-102
Calculate 53 + 0 - (526 + -518) - 12.
33
What is the value of -18 - (16 + -20) - -58?
44
Evaluate -12 + 7 + 17 + -12 + 5 + 39.
44
(79 - (21 - -49)) + 0
9
-19 - ((51 - 43) + (-51 - 3))
27
What is -158 + 83 - -55 - 125?
-145
What is the value of -88 - ((-17 - 33) + 43 + 27 + -2)?
-106
Evaluate (4 - -2) + (-4 - (43 + 6)) + -4.
-51
(-9 + 8 + -6 - (-7 + -2)) + -75
-73
Calculate -237 + 108 + 122 + -136.
-143
Calculate 12 + (-3 + 36 - (10 + 2)).
33
What is the value of -14 + 0 + -59 + 8 + (-17 - -17)?
-65
Calculate (-1283 - -1412) + -47 + -1.
81
Evaluate (-50 - -23) + 72 + -1 + (3 - -1).
48
(-14 + -17 + 20 - -19) + 0 + 0 + 9
17
Calculate -46 + (127 - 90) + 69.
60
What is the value of (0 - (-7 - 3)) + -67 + 21 + -9?
-45
-11 + 8 + (8 - 7) + -14 + 31
15
-31 + 36 + -55 - -95
45
Evaluate (22 - (-3 + 15)) + -48 + -1 + -4 + 5.
-38
Calculate 55 + 38 + 33 + -59 - (5 - (0 - 0)).
62
Evaluate 59 + -96 + 55 - -73.
91
Evaluate 3 - (1 - 7) - (-8 + (4 - 4) - 8).
25
Evaluate -95 + 130 - (65 + -26).
-4
What is the value of 2 + 18 + -39 + -1 + -53?
-73
-4 + -2 - (53 + -41) - 41
-59
What is the value of (-10 - 0) + (-58 + -3 - (14 - 42 - -9))?
-52
Calculate -47 + (-58 - (37 + -73)).
-69
207 - ((183 - 115) + 19)
120
What is the value of 10 + 0 + 11 + (73 - (32 + 47))?
15
Evaluate -30 + 2 - (-31 - -9).
-6
Calculate -3 + 0 + 14 - (77 - 8 - 115).
57
Calculate (-5 - (-8 + 7) - -26) + (-1 - 4 - 3).
14
Evaluate -14 - (-4 + -79) - (3 + 18).
48
Evaluate 27 + -63 + 93 + 5 + -100.
-38
Evaluate -10 + 22 + -5 + (-3 - (-5 + -38)).
47
What is (-2 - -1 - (-33 - -36)) + (93 - 85)?
4
Evaluate (-54 - -16 - -24) + (-84 - (14 - 15)).
-97
What is the value of (46 + -11 - -12) + -35?
12
Calculate -34 + 101 + -61 + 73.
79
What is the value of 0 + -25 + 731 + -741?
-35
Calculate (1 + 0 - -10) + (146 - (128 - -99)).
-70
What is 35 + (-85 - -38) + -23?
-35
What is -19 + 49 + -54 + 39?
15
-545 + 540 - (-1 - -36) - 42
-82
What is (12 + 0 + (13 - -9) - 11) + 74?
97
(4 - ((-50 - -23) + 14)) + -6
11
-11 + (22 - -46) + -9
48
Calculate -4 - (-35 + (-3 - 3)) - (12 - 25).
50
What is the value of (2 - 16) + (88 + -145 - -95)?
24
What is 6 + 17 + -5 + -18 + -3?
-3
What is the value of 127 + -112 - ((-4 - -12) + 60) - (-3 + 1)?
-51
64 - (222 + -276 - (-15 - 3))
100
Evaluate -10 - (39 - (47 + 18) - -24).
-8
5 + 5 + (-18 - 4) - (135 + -186)
39
What is (-77 - -5) + (-189 - -102 - -87)?
-72
What is -6 - 7 - (-247 + 263)?
-29
Evaluate (47 - 17) + -114 - -48.
-36
What is the value of 7 - (15 - (34 + (21 - 37)))?
10
25 + -1 + -18 + 21
27
Calculate 9 + -49 + -20 + 42.
-18
Calculate (11 + (-5 - (-26 - -21)) - (-1 + -1)) + -4.
9
Calculate 10 - (-40 + -29 + 51).
28
Calculate (-4845 - -4819) + (0 - -57).
31
What is the value of 2 + -98 + (79 - 72) - (-13 + -5)?
-71
Evaluate -81 + (63 - -5) + -83.
-96
67 + -4 + -19 - 37
7
What is the value of -174 + (-115 - -327) - (0 + 32)?
6
14 + 18 + -43 + 46
35
What is 2 + 26 + (-19 - -8) + 2?
19
What is the value of 67 + -17 - (-6 - -6 - -2) - (2 + -3)?
49
Calculate 25 - (3 + -1 - 14 - (1007 + -1004)).
40
-4 + 16 + 2 + -9 + -64
-59
What is -40 + (-21 + 22 - -1)?
-38
Calculate 614 - 631 - (26 + 7 - 9).
-41
What is the value of 2 - 8 - (28 - (-26 - -14)) - -9?
-37
What is -35 + (-15 - (1 - 27)) + 2 + -15?
-37
Calculate -32 + (-32 + 27 - 9) + 103.
57
What is (22 - (7 - 3)) + 169 + -233?
-46
What is the value of (5 + -44 - -29) + 15 + -5?
0
Calculate 20 + -1 - (-3385 + 3451).
-47
Evaluate (203 - 210) + (44 - (8 + 3)).
26
Calculate ((37 - 3) + 19 + -36 - -5) + (1 - -13).
36
Evaluate 14 + 2 + -3 + (8 + -14 - 0) + -3.
4
What is 52 + -2 - (-309 + 393)?
-34
What is -12 + -29 + 15 - (-108 - -39)?
43
Evaluate -2 + -15 - 4 - (-8 + 1 - 6).
-8
What is the value of -8959 + 9104 + 6 + 1?
152
What is -17 - (-25 - (-19 - 39))?
-50
What is the value of 292 + -271 + 0 + -6 + -1?
14
What is the value of (17 - (11 + 11) - -19) + (-101 - -6) + 4?
-77
-23 - ((1 - 6) + (14 - 23)) - -3
-6
What is 51 + 52 + 34 + -148?
-11
Calculate -660 + 493 - (-92 - -1).
-76
Evaluate 14 - (-90 + 86 + -1 + 105) - -6.
-80
What is the value of (-1 + -1 - ((13 - -14) + -21)) + 8?
0
(12 - (62 + -42)) + -4 + -15 + -1
-28
(-16 + 0 - 15) + 108 + -145
-68
Calculate 7 - ((-7 - 5 - (4 - 9)) + 5 - 37).
46
Calculate -752 - -302 - -438 - ((13 - 0) + 0).
-25
What is -22 - (4 + -22) - 16 - 7?
-27
Calculate 4 - 48 - (-14 + 35 + -23).
-42
Calculate -54 + (19 - -1) + -124 - -26.
-132
Evaluate 0 + -1 - (129 - 153) - (4 - (4 - -6)).
29
Evaluate -14 + -2 - (-35 - (-83 + -18 + 10)).
-72
What is -97 + -1 + -40 + -12 + 72 + -15 + 3?
-90
Evaluate 111 - (169 + (-127 - -96)).
-27
Calculate -17 + (-16 + 7 - -38) - (-39 + -6).
57
What is -12 + (2 - (60 - 55 - (13 - 1))) + -23?
-26
Calculate -50 + (0 - (-5 - 3) - (65 - 53)).
-54
1486 + -1491 + 0 + -65 + 1 + 8 + -9
-70
Evaluate 2 + (-30 - -21 - -21) - -27.
41
Evaluate 34 - (30 + -8) - -42.
54
What is the value of -111 - (30 + -13) - (9 + -31 - -1)?
-107
What is the value of 9 + 1 + (21 - (17 - (21 + -37)))?
-2
Calculate -4 + (-62 - -41 - 3).
-28
Calculate -4 - (-5 - (-9 + 17) - (-3 + 16)).
22
What is the value of (6 - (-8 + 15)) + -1 + -11 - (-147 - -11)?
123
Calculate -66 + (18 - 1) + 53 + 0 + -94.
-90
Evaluate -1 - (-2 + 4) - 2 - ((-8 - 75) + 28).
50
Evaluate -21 - (94 + (-19 + 53 - 57)).
-92
What is 1 + 12 + -2 - ((132 - 28) + -29)?
-64
What is the value of 83 + (-25 - (-87 + 84))?
61
What is -50 + -15 + -32 + -20 + 0 + -19?
-136
Evaluate 212 + -195 + 11 + -8 + -18.
2
What is the value of -1563 + 1604 - (3 + 71)?
-33
Evaluate -221 + 259 + (4 - -2).
44
What is (-100 - (135 - 129)) + 67?
-39
Evaluate -13 - -24 - (18 + 2) - (-76 - 5).
72
What is -50 + 48 + -25 + 72?
45
What is the value of 1 + -15 + (-12 - (-25 - -2 - 2)) + 71?
70
(55 - 1) + (-5 + -2 - (29 - 8 - 22))
48
(131 - 138) + (1 - (2 - 3) - -7) + 21
23
Calculate (6 - 7) + -4 - (-5 - 49 - (-39 + 38)).
48
What is the value of -23 - (13 + (1 + (-21 - 5) - -1))?
-12
Evaluate 21 - (15 - 13) - (-1 + 0 + 6).
14
Calculate -17 + (-1 + -3 - -10) - -14 - (24 + -85).
64
What is the value of -3 + 115 + (-17 - (2 - -6) - (1 - 17))?
103
What is (1069 - 1146) + -18 + 3?
-92
Calculate -56 - 16 - -60 - (-21 - -1) - 5.
3
Evaluate -9 + 10 - -16 - (4 - 2 - -5).
10
What is (-696 - -733) + (2 - 21)?
18
Evaluate (-612 - -636) + (-12 - -2).
14
53 - (-57 - -24 - -21 - (7 - 8))
64
Calculate (371 - 242 - 76) + (-10 - (0 + 0)) - -2.
45
What is the value of (1 - -8) + 38 + -119 + 79 + 25?
32
Calculate 134 - ((-51 - -62) + 193).
-70
Calculate -1475 + 1485 + (-2 - (-2 - 0)) + -25.
-15
What is the value of -35 - -60 - 17 - (-15 + -2)?
25
Evaluate -24 - (22 + 1 + (-177 - -132)).
-2
What is 1 + 93 + -1 + 0 - (18 - (295 + -267))?
103
Evaluate -